{"id":7,"date":"2017-02-16T13:42:07","date_gmt":"2017-02-16T13:42:07","guid":{"rendered":"http:\/\/kindergarten-ilse.de\/?page_id=7"},"modified":"2024-02-17T14:27:14","modified_gmt":"2024-02-17T14:27:14","slug":"seite-2","status":"publish","type":"page","link":"http:\/\/kindergarten-ilse.de\/?page_id=7","title":{"rendered":"\u00dcber uns"},"content":{"rendered":"\n<p class=\"has-text-align-center\">Wir sind eine Zweigruppeneinrichtung in einem l\u00e4ndlichen Umfeld. Den Kindergarten k\u00f6nnen bis zu 50 Kinder im Alter von 2 bis 6 Jahren besuchen. Sie kommen aus den Ortschaften Ilse, Seelenfeld, Neuenknick, Rosenhagen, Lahde, D\u00f6hren, Windheim, Gorspen \u2013 Vahlsen, Raderhorst und Ilserheide.<\/p>\n\n\n\n<p class=\"has-text-align-center\">Auch Kinder aus anderen Ortschaften sind bei uns herzlich willkommen.<\/p>\n\n\n\n<p class=\"has-text-align-center\">Unsere Arbeit richtet sich nach den Vorgaben des Sozialgesetzbuches.<\/p>\n\n\n\n<p class=\"has-text-align-center\">Seit dem 01.08.2008 gilt das Kindergartenbildungsgesetz (Kibiz).<\/p>\n\n\n\n<p class=\"has-text-align-center\">Dieses Gesetz erm\u00f6glicht den Eltern Stundenkontingente von 25, 35 oder 45 Stunden zu buchen. Im Oktober entscheiden sich alle Eltern, f\u00fcr eine Stundenbuchung f\u00fcr das n\u00e4chste Kindergartenjahr.<\/p>\n\n\n\n<p class=\"has-text-align-center\">Jedes Jahr zwischen August und November findet im Raum Petershagen eine Anmeldezeit statt. Diese wird in der Tageszeitung und auf der Homepage mitgeteilt. In dieser Zeit k\u00f6nnen die Eltern ihr Kind online unter <a href=\"http:\/\/www.minden-luebbecke.meinkitaplatz.de\">www.minden-luebbecke.meinkitaplatz.de<\/a> anmelden. Damit \u00e4u\u00dfern die Eltern das Interesse an einem Kindergartenplatz.<\/p>\n\n\n\n<p class=\"has-text-align-center\">Eltern die sich \u00fcber den Kindergarten informieren m\u00f6chten, k\u00f6nnen einen Termin vereinbaren und dann mit ihrem Kind in den Kindergarten kommen. Eltern die ihr Kind mit Priorit\u00e4t 1 angemeldet haben werden von der Leitung eingeladen um sich gegenseitig kennen zu lernen.<\/p>\n\n\n\n<p class=\"has-text-align-center\">Im Kindergarten werden die Gruppenform I und III angeboten. Die Einteilung \u00fcbernimmt das Team.<\/p>\n\n\n\n<p class=\"has-text-align-center\">F\u00fcr jedes Kind, das bis M\u00e4rz angemeldet ist, wird, je nach Buchungszeit, vom Kreis Minden -L\u00fcbbecke eine Kindpauschale berechnet. Aus diesen Pauschalen werden die Fachkraft- und Erg\u00e4nzungskraftstunden der p\u00e4dagogischen Fachkr\u00e4fte errechnet.<\/p>\n\n\n\n<p class=\"has-text-align-center\">Anmeldungen m\u00fcssen bis zum 15. M\u00e4rz eines jeden Jahres eingegangen sein, da diese sonst nicht bei den Pauschalen ber\u00fccksichtigt werden.<\/p>\n\n\n\n<p class=\"has-text-align-center\">Das Buchungsverhalten ist Grundlage f\u00fcr die m\u00f6glichen \u00d6ffnungszeiten.<\/p>\n\n\n\n<p class=\"has-text-align-center\">Seit dem 01.01.2016 richten wir unsere Bildungsangebote nach den Bildungsgrunds\u00e4tzen f\u00fcr Kinder von 0 \u2013 10 Jahren in Kinderbetreuung und Schulen im Primarbereich in Nordrhein \u2013 Westfalen aus.<\/p>\n\n\n\n<p class=\"has-text-align-center\">Seit August 2023 geh\u00f6ren wir dem Verband der Kindertageseinrichtungen im Evangelischen Kirchenkreis Minden an.<\/p>\n\n\n\n<p class=\"has-text-align-center has-medium-font-size\"><strong><u>\u00d6ffnungszeiten:<\/u><\/strong><\/p>\n\n\n\n<p class=\"has-text-align-center\">Je nach Buchungszeit gelten unterschiedliche \u00d6ffnungszeiten:<\/p>\n\n\n\n<p class=\"has-text-align-center\"><strong><u>Bei einer Buchungszeit von 25 Stunden:<br><\/u><\/strong>Montag bis Freitag von 7.30 Uhr bis 12.30 Uhr<\/p>\n\n\n\n<p class=\"has-text-align-center\"><strong><u>Bei einer Buchungszeit von 35 Stunden flexibel mit warmen Mittagessen:<\/u><\/strong><\/p>\n\n\n\n<p class=\"has-text-align-center\">Montag bis Freitag von<\/p>\n\n\n\n<p class=\"has-text-align-center\">7.30 Uhr bis 14.00 Uhr und<\/p>\n\n\n\n<p class=\"has-text-align-center\">Dienstag (f\u00fcr die Nichtschulanf\u00e4nger) 7.30 Uhr \u2013 16.30 Uhr<\/p>\n\n\n\n<p class=\"has-text-align-center\">Donnerstag (f\u00fcr die Schulanf\u00e4nger) 7.30 Uhr \u2013 16.30 Uhr<\/p>\n\n\n\n<p class=\"has-text-align-center\"><strong><u>oder Blockbuchungszeit mit warmen Mittagessen:<\/u><\/strong><\/p>\n\n\n\n<p class=\"has-text-align-center\">Montag bis Freitag von 7 Uhr bis 14 Uhr<\/p>\n\n\n\n<p class=\"has-text-align-center\"><strong><u>Bei einer Buchungszeit von 45 Stunden<\/u><\/strong><\/p>\n\n\n\n<p class=\"has-text-align-center\"><strong><u>mit warmen Mittagessen:<\/u><\/strong><\/p>\n\n\n\n<p class=\"has-text-align-center\">Montag bis Donnerstag von 7 Uhr bis 16.30 Uhr<\/p>\n\n\n\n<p class=\"has-text-align-center\">Freitag von 7 Uhr bis 14 Uhr<\/p>\n","protected":false},"excerpt":{"rendered":"<p>Wir sind eine Zweigruppeneinrichtung in einem l\u00e4ndlichen Umfeld. Den Kindergarten k\u00f6nnen bis zu 50 Kinder im Alter von 2 bis 6 Jahren besuchen. Sie kommen aus den Ortschaften Ilse, Seelenfeld, Neuenknick, Rosenhagen, Lahde, D\u00f6hren, Windheim, Gorspen \u2013 Vahlsen, Raderhorst und Ilserheide. Auch Kinder aus anderen Ortschaften sind bei uns herzlich willkommen. Unsere Arbeit richtet sich &hellip; <\/p>\n<p class=\"link-more\"><a href=\"http:\/\/kindergarten-ilse.de\/?page_id=7\" class=\"more-link\"><span class=\"screen-reader-text\">\u201e\u00dcber uns\u201c <\/span>weiterlesen<\/a><\/p>\n","protected":false},"author":1,"featured_media":0,"parent":0,"menu_order":0,"comment_status":"closed","ping_status":"closed","template":"","meta":{"footnotes":""},"class_list":["post-7","page","type-page","status-publish","hentry"],"_links":{"self":[{"href":"http:\/\/kindergarten-ilse.de\/index.php?rest_route=\/wp\/v2\/pages\/7","targetHints":{"allow":["GET"]}}],"collection":[{"href":"http:\/\/kindergarten-ilse.de\/index.php?rest_route=\/wp\/v2\/pages"}],"about":[{"href":"http:\/\/kindergarten-ilse.de\/index.php?rest_route=\/wp\/v2\/types\/page"}],"author":[{"embeddable":true,"href":"http:\/\/kindergarten-ilse.de\/index.php?rest_route=\/wp\/v2\/users\/1"}],"replies":[{"embeddable":true,"href":"http:\/\/kindergarten-ilse.de\/index.php?rest_route=%2Fwp%2Fv2%2Fcomments&post=7"}],"version-history":[{"count":8,"href":"http:\/\/kindergarten-ilse.de\/index.php?rest_route=\/wp\/v2\/pages\/7\/revisions"}],"predecessor-version":[{"id":766,"href":"http:\/\/kindergarten-ilse.de\/index.php?rest_route=\/wp\/v2\/pages\/7\/revisions\/766"}],"wp:attachment":[{"href":"http:\/\/kindergarten-ilse.de\/index.php?rest_route=%2Fwp%2Fv2%2Fmedia&parent=7"}],"curies":[{"name":"wp","href":"https:\/\/api.w.org\/{rel}","templated":true}]}}

Über uns

<p class="has-text-align-center">Wir sind eine Zweigruppeneinrichtung in einem ländlichen Umfeld. Den Kindergarten können bis zu 50 Kinder im Alter von 2 bis 6 Jahren besuchen. Sie kommen aus den Ortschaften Ilse, Seelenfeld, Neuenknick, Rosenhagen, Lahde, Döhren, Windheim, Gorspen – Vahlsen, Raderhorst und Ilserheide.</p>



<p class="has-text-align-center">Auch Kinder aus anderen Ortschaften sind bei uns herzlich willkommen.</p>



<p class="has-text-align-center">Unsere Arbeit richtet sich nach den Vorgaben des Sozialgesetzbuches.</p>



<p class="has-text-align-center">Seit dem 01.08.2008 gilt das Kindergartenbildungsgesetz (Kibiz).</p>



<p class="has-text-align-center">Dieses Gesetz ermöglicht den Eltern Stundenkontingente von 25, 35 oder 45 Stunden zu buchen. Im Oktober entscheiden sich alle Eltern, für eine Stundenbuchung für das nächste Kindergartenjahr.</p>



<p class="has-text-align-center">Jedes Jahr zwischen August und November findet im Raum Petershagen eine Anmeldezeit statt. Diese wird in der Tageszeitung und auf der Homepage mitgeteilt. In dieser Zeit können die Eltern ihr Kind online unter <a href="http://www.minden-luebbecke.meinkitaplatz.de">www.minden-luebbecke.meinkitaplatz.de</a> anmelden. Damit äußern die Eltern das Interesse an einem Kindergartenplatz.</p>



<p class="has-text-align-center">Eltern die sich über den Kindergarten informieren möchten, können einen Termin vereinbaren und dann mit ihrem Kind in den Kindergarten kommen. Eltern die ihr Kind mit Priorität 1 angemeldet haben werden von der Leitung eingeladen um sich gegenseitig kennen zu lernen.</p>



<p class="has-text-align-center">Im Kindergarten werden die Gruppenform I und III angeboten. Die Einteilung übernimmt das Team.</p>



<p class="has-text-align-center">Für jedes Kind, das bis März angemeldet ist, wird, je nach Buchungszeit, vom Kreis Minden -Lübbecke eine Kindpauschale berechnet. Aus diesen Pauschalen werden die Fachkraft- und Ergänzungskraftstunden der pädagogischen Fachkräfte errechnet.</p>



<p class="has-text-align-center">Anmeldungen müssen bis zum 15. März eines jeden Jahres eingegangen sein, da diese sonst nicht bei den Pauschalen berücksichtigt werden.</p>



<p class="has-text-align-center">Das Buchungsverhalten ist Grundlage für die möglichen Öffnungszeiten.</p>



<p class="has-text-align-center">Seit dem 01.01.2016 richten wir unsere Bildungsangebote nach den Bildungsgrundsätzen für Kinder von 0 – 10 Jahren in Kinderbetreuung und Schulen im Primarbereich in Nordrhein – Westfalen aus.</p>



<p class="has-text-align-center">Seit August 2023 gehören wir dem Verband der Kindertageseinrichtungen im Evangelischen Kirchenkreis Minden an.</p>



<p class="has-text-align-center has-medium-font-size"><strong><u>Öffnungszeiten:</u></strong></p>



<p class="has-text-align-center">Je nach Buchungszeit gelten unterschiedliche Öffnungszeiten:</p>



<p class="has-text-align-center"><strong><u>Bei einer Buchungszeit von 25 Stunden:<br></u></strong>Montag bis Freitag von 7.30 Uhr bis 12.30 Uhr</p>



<p class="has-text-align-center"><strong><u>Bei einer Buchungszeit von 35 Stunden flexibel mit warmen Mittagessen:</u></strong></p>



<p class="has-text-align-center">Montag bis Freitag von</p>



<p class="has-text-align-center">7.30 Uhr bis 14.00 Uhr und</p>



<p class="has-text-align-center">Dienstag (für die Nichtschulanfänger) 7.30 Uhr – 16.30 Uhr</p>



<p class="has-text-align-center">Donnerstag (für die Schulanfänger) 7.30 Uhr – 16.30 Uhr</p>



<p class="has-text-align-center"><strong><u>oder Blockbuchungszeit mit warmen Mittagessen:</u></strong></p>



<p class="has-text-align-center">Montag bis Freitag von 7 Uhr bis 14 Uhr</p>



<p class="has-text-align-center"><strong><u>Bei einer Buchungszeit von 45 Stunden</u></strong></p>



<p class="has-text-align-center"><strong><u>mit warmen Mittagessen:</u></strong></p>



<p class="has-text-align-center">Montag bis Donnerstag von 7 Uhr bis 16.30 Uhr</p>



<p class="has-text-align-center">Freitag von 7 Uhr bis 14 Uhr</p>

<p>Wir sind eine Zweigruppeneinrichtung in einem ländlichen Umfeld. Den Kindergarten können bis zu 50 Kinder im Alter von 2 bis 6 Jahren besuchen. Sie kommen aus den Ortschaften Ilse, Seelenfeld, Neuenknick, Rosenhagen, Lahde, Döhren, Windheim, Gorspen – Vahlsen, Raderhorst und Ilserheide. Auch Kinder aus anderen Ortschaften sind bei uns herzlich willkommen. Unsere Arbeit richtet sich &hellip; </p>
<p class="link-more"><a href="http://kindergarten-ilse.de/?page_id=7" class="more-link"><span class="screen-reader-text">„Über uns“ </span>weiterlesen</a></p>
